{"id":9023,"date":"2025-01-13T10:17:37","date_gmt":"2025-01-13T10:17:37","guid":{"rendered":"https:\/\/www.oddo.cz\/?page_id=9023"},"modified":"2025-01-13T10:24:07","modified_gmt":"2025-01-13T10:24:07","slug":"celni-sluzby","status":"publish","type":"page","link":"https:\/\/www.oddo.cz\/?page_id=9023","title":{"rendered":"celn\u00ed slu\u017eby"},"content":{"rendered":"<p>[et_pb_section fb_built=&#8220;1&#8243; fullwidth=&#8220;on&#8220; module_class=&#8220;header_inner_shadow&#8220; _builder_version=&#8220;4.16&#8243; hover_enabled=&#8220;0&#8243; global_colors_info=&#8220;{}&#8220; sticky_enabled=&#8220;0&#8243;][et_pb_fullwidth_header _builder_version=&#8220;4.27.4&#8243; background_color=&#8220;rgba(255, 255, 255, 0)&#8220; background_image=&#8220;http:\/\/www.oddo.cz\/wp-content\/uploads\/2025\/01\/celni-1.png&#8220; parallax=&#8220;on&#8220; background_layout=&#8220;light&#8220; custom_padding=&#8220;150px||150px|&#8220; hover_enabled=&#8220;0&#8243; button_one_letter_spacing_hover=&#8220;0&#8243; button_two_letter_spacing_hover=&#8220;0&#8243; global_colors_info=&#8220;{}&#8220; button_one_text_size__hover_enabled=&#8220;off&#8220; button_two_text_size__hover_enabled=&#8220;off&#8220; button_one_text_color__hover_enabled=&#8220;off&#8220; button_two_text_color__hover_enabled=&#8220;off&#8220; button_one_border_width__hover_enabled=&#8220;off&#8220; button_two_border_width__hover_enabled=&#8220;off&#8220; button_one_border_color__hover_enabled=&#8220;off&#8220; button_two_border_color__hover_enabled=&#8220;off&#8220; button_one_border_radius__hover_enabled=&#8220;off&#8220; button_two_border_radius__hover_enabled=&#8220;off&#8220; button_one_letter_spacing__hover_enabled=&#8220;on&#8220; button_one_letter_spacing__hover=&#8220;0&#8243; button_two_letter_spacing__hover_enabled=&#8220;on&#8220; button_two_letter_spacing__hover=&#8220;0&#8243; button_one_bg_color__hover_enabled=&#8220;off&#8220; button_two_bg_color__hover_enabled=&#8220;off&#8220; title_text=&#8220;celni&#8220; sticky_enabled=&#8220;0&#8243;][\/et_pb_fullwidth_header][\/et_pb_section][et_pb_section fb_built=&#8220;1&#8243; _builder_version=&#8220;4.16&#8243; global_colors_info=&#8220;{}&#8220;][et_pb_row _builder_version=&#8220;4.27.4&#8243; background_size=&#8220;initial&#8220; background_position=&#8220;top_left&#8220; background_repeat=&#8220;repeat&#8220; global_colors_info=&#8220;{}&#8220;][et_pb_column type=&#8220;4_4&#8243; _builder_version=&#8220;4.16&#8243; custom_padding=&#8220;|||&#8220; global_colors_info=&#8220;{}&#8220; custom_padding__hover=&#8220;|||&#8220;][et_pb_sidebar area=&#8220;et_pb_widget_area_1&#8243; _builder_version=&#8220;4.16&#8243; global_colors_info=&#8220;{}&#8220;][\/et_pb_sidebar][et_pb_text _builder_version=&#8220;4.27.4&#8243; header_font=&#8220;|on|||&#8220; header_font_size=&#8220;44px&#8220; module_alignment=&#8220;center&#8220; custom_margin=&#8220;||0px|&#8220; custom_padding=&#8220;||0px|&#8220; header_font_size_tablet=&#8220;&#8220; header_font_size_phone=&#8220;40px&#8220; header_font_size_last_edited=&#8220;on|desktop&#8220; border_style=&#8220;solid&#8220; global_colors_info=&#8220;{}&#8220;]<\/p>\n<h1>Celn\u00ed slu\u017eby<\/h1>\n<p>[\/et_pb_text][et_pb_divider color=&#8220;#e2820b&#8220; divider_weight=&#8220;5&#8243; _builder_version=&#8220;4.16&#8243; max_width=&#8220;20%&#8220; module_alignment=&#8220;left&#8220; custom_padding=&#8220;40px|||&#8220; global_colors_info=&#8220;{}&#8220;][\/et_pb_divider][et_pb_text _builder_version=&#8220;4.27.4&#8243; border_style=&#8220;solid&#8220; global_colors_info=&#8220;{}&#8220;]<\/p>\n<p><span>Efektivn\u00ed a spolehliv\u00e9 celn\u00ed slu\u017eby jsou z\u00e1kladem na\u0161eho podnik\u00e1n\u00ed. Nab\u00edz\u00edme komplexn\u00ed \u0159e\u0161en\u00ed pro dovoz, v\u00fdvoz a tranzit zbo\u017e\u00ed, zahrnuj\u00edc\u00ed v\u0161echny pot\u0159ebn\u00e9 celn\u00ed formality. D\u00edky na\u0161\u00ed rozs\u00e1hl\u00e9 s\u00edti pobo\u010dek a zku\u0161enostem v oboru zajist\u00edme hladk\u00fd pr\u016fb\u011bh celn\u00edch procedur, a\u0165 u\u017e se jedn\u00e1 o velk\u00e9 nadn\u00e1rodn\u00ed spole\u010dnosti nebo mal\u00e9 firmy s ob\u010dasn\u00fdmi pot\u0159ebami. Na\u0161e odborn\u00e9 t\u00fdmy jsou p\u0159ipraveny pomoci v\u00e1m s ka\u017ed\u00fdm krokem celn\u00edho procesu.<\/span><\/p>\n<p>[\/et_pb_text][et_pb_text _builder_version=&#8220;4.27.4&#8243; hover_enabled=&#8220;0&#8243; border_style=&#8220;solid&#8220; global_colors_info=&#8220;{}&#8220; sticky_enabled=&#8220;0&#8243;]<\/p>\n<ul>\n<li>Vyhotoven\u00ed celn\u00edch doklad\u016f\n<ul>\n<li>Jednotn\u00fd spr\u00e1vn\u00ed doklad<span>\u00a0<\/span>(JSD),<span>\u00a0<\/span>el. celn\u00ed prohl\u00e1\u0161en\u00ed (syst\u00e9m e-Dovoz \/ AIS)<\/li>\n<li>Tranzitn\u00ed doprovodn\u00fd doklad (TDD)<span>\u00a0<\/span>&#8211; (syst\u00e9m<span>\u00a0<\/span>NCTS)<\/li>\n<li>V\u00fdvozn\u00ed doprovodn\u00fd doklad (VDD)<span>\u00a0<\/span>&#8211; (syst\u00e9m<span>\u00a0<\/span>e-V\u00fdvoz\u00a0\/\u00a0ECS)<\/li>\n<li>Vstupn\u00ed souhrnn\u00e9 prohl\u00e1\u0161en\u00ed (SD), ozn\u00e1men\u00ed o p\u0159\u00edjezdu (EPRI) &#8211; (syst\u00e9m ICS)<\/li>\n<li>Informa\u010dn\u00ed list INF<span>\u00a0<\/span>k<span>\u00a0<\/span>JSD<\/li>\n<li>Osv\u011bd\u010den\u00ed o p\u016fvodu zbo\u017e\u00ed (EUR.1, FORM A, A.TR apod.)<\/li>\n<li>Karnet TIR<span>\u00a0<\/span>(syst\u00e9m NCTS),<span>\u00a0<\/span>Karnet ATA<\/li>\n<li>Mezin\u00e1rodn\u00ed n\u00e1kladn\u00ed list CMR<\/li>\n<\/ul>\n<\/li>\n<\/ul>\n<p>[\/et_pb_text][et_pb_text _builder_version=&#8220;4.27.4&#8243; hover_enabled=&#8220;0&#8243; border_style=&#8220;solid&#8220; global_colors_info=&#8220;{}&#8220; sticky_enabled=&#8220;0&#8243;]<\/p>\n<ul>\n<li>Zjednodu\u0161en\u00e9 postupy v celn\u00edm \u0159\u00edzen\u00ed\n<ul>\n<li>Voln\u00fd ob\u011bh (z\u00e1pis do z\u00e1znam\u016f deklaranta)<\/li>\n<li>Zjednodu\u0161en\u00e9 postupy<span>\u00a0<\/span>pro zvl\u00e1\u0161tn\u00ed re\u017eimy (uskladn\u011bn\u00ed v celn\u00edm skladu nebo svobodn\u00e9m p\u00e1smu, do\u010dasn\u00e9 pou\u017eit\u00ed, kone\u010dn\u00e9 u\u017eit\u00ed, aktivn\u00ed zu\u0161lech\u0165ovac\u00ed styk, pasivn\u00ed zu\u0161lech\u0165ovac\u00ed styk)<\/li>\n<li>Schv\u00e1len\u00fd p\u0159\u00edjemce (tranzit v syst\u00e9mu<span>\u00a0<\/span>NCTS)<\/li>\n<li>Schv\u00e1len\u00fd odes\u00edlatel (tranzit v syst\u00e9mu<span>\u00a0<\/span>NCTS)<\/li>\n<li>Schv\u00e1len\u00fd v\u00fdvozce (v\u00fdvoz<span>\u00a0<\/span>v syst\u00e9mu<span>\u00a0<\/span>ECS)<\/li>\n<li>Schv\u00e1len\u00fd v\u00fdvozce (potvrzov\u00e1n\u00ed p\u016fvodu zbo\u017e\u00ed na faktu\u0159e)<\/li>\n<li>Centralizovan\u00e9<span>\u00a0<\/span>celn\u00ed \u0159\u00edzen\u00ed<\/li>\n<li>AEO &#8211; dr\u017eitel povolen\u00ed opr\u00e1vn\u011bn\u00e9ho hospod\u00e1\u0159sk\u00e9ho subjektu pro celn\u00ed zjednodu\u0161en\u00ed\u00a0\u010d. CZAEOC1708A8<\/li>\n<li>Poradenstv\u00ed\u00a0pro z\u00edsk\u00e1n\u00ed statutu opr\u00e1vn\u011bn\u00e9ho hospod\u00e1\u0159sk\u00e9ho subjektu (AEO)<\/li>\n<\/ul>\n<\/li>\n<\/ul>\n<p>[\/et_pb_text][et_pb_text _builder_version=&#8220;4.27.4&#8243; hover_enabled=&#8220;0&#8243; border_style=&#8220;solid&#8220; global_colors_info=&#8220;{}&#8220; sticky_enabled=&#8220;0&#8243;]<\/p>\n<ul>\n<li>Ostatn\u00ed celn\u00ed slu\u017eby\n<ul>\n<li>Za\u0159azen\u00ed zbo\u017e\u00ed do spole\u010dn\u00e9ho celn\u00edho sazebn\u00edku EU (TARIC)<\/li>\n<li>Z\u00e1vazn\u00e9 informace o sazebn\u00edm za\u0159azen\u00ed zbo\u017e\u00ed<\/li>\n<li>Z\u00e1vazn\u00e9 informace o p\u016fvodu zbo\u017e\u00ed<\/li>\n<li>Uplatn\u011bn\u00ed preferen\u010dn\u00edho p\u016fvodu zbo\u017e\u00ed<\/li>\n<li>\n<div>Osvobozen\u00ed od cla, vr\u00e1cen\u00e9 zbo\u017e\u00ed, investi\u010dn\u00ed celky v rozlo\u017een\u00e9m stavu za\u0159azovan\u00e9 do jedn\u00e9 podpolo\u017eky KN apod.<\/div>\n<\/li>\n<li>V\u00fdpo\u010det celn\u00edho dluhu a dan\u00ed u zbo\u017e\u00ed<\/li>\n<li>\u017d\u00e1dosti pro<span>\u00a0<\/span>celn\u00ed a da\u0148ov\u00e9 \u0159\u00edzen\u00ed<\/li>\n<li>Neutralizace doklad\u016f<\/li>\n<li>Bezpe\u010dnostn\u00ed doprovod z\u00e1silky (konvoj)<\/li>\n<li>Poradenstv\u00ed v celn\u00edch a dovozov\u00fdch p\u0159edpisech \u010cR a EU<\/li>\n<\/ul>\n<\/li>\n<\/ul>\n<p>[\/et_pb_text][\/et_pb_column][\/et_pb_row][\/et_pb_section][et_pb_section fb_built=&#8220;1&#8243; _builder_version=&#8220;4.27.4&#8243; background_color=&#8220;#2c3140&#8243; background_image=&#8220;http:\/\/www.oddo.cz\/wp-content\/uploads\/2025\/01\/Snimek-obrazovky-2025-01-13-112140.png&#8220; parallax=&#8220;on&#8220; parallax_method=&#8220;off&#8220; hover_enabled=&#8220;0&#8243; global_colors_info=&#8220;{}&#8220; title_text=&#8220;Sn\u00edmek obrazovky 2025-01-13 112140&#8243; sticky_enabled=&#8220;0&#8243;][et_pb_row _builder_version=&#8220;4.16&#8243; max_width=&#8220;800px&#8220; custom_padding=&#8220;100px||100px|&#8220; use_custom_width=&#8220;on&#8220; custom_width_px=&#8220;800px&#8220; global_colors_info=&#8220;{}&#8220;][et_pb_column type=&#8220;4_4&#8243; _builder_version=&#8220;4.16&#8243; custom_padding=&#8220;|||&#8220; global_colors_info=&#8220;{}&#8220; custom_padding__hover=&#8220;|||&#8220;][\/et_pb_column][\/et_pb_row][\/et_pb_section]<\/p>\n","protected":false},"excerpt":{"rendered":"<p>Celn\u00ed slu\u017ebyEfektivn\u00ed a spolehliv\u00e9 celn\u00ed slu\u017eby jsou z\u00e1kladem na\u0161eho podnik\u00e1n\u00ed. Nab\u00edz\u00edme komplexn\u00ed \u0159e\u0161en\u00ed pro dovoz, v\u00fdvoz a tranzit zbo\u017e\u00ed, zahrnuj\u00edc\u00ed v\u0161echny pot\u0159ebn\u00e9 celn\u00ed formality. D\u00edky na\u0161\u00ed rozs\u00e1hl\u00e9 s\u00edti pobo\u010dek a zku\u0161enostem v oboru zajist\u00edme hladk\u00fd pr\u016fb\u011bh celn\u00edch procedur, a\u0165 u\u017e se jedn\u00e1 o velk\u00e9 nadn\u00e1rodn\u00ed spole\u010dnosti nebo mal\u00e9 firmy s ob\u010dasn\u00fdmi pot\u0159ebami. Na\u0161e odborn\u00e9 t\u00fdmy [&hellip;]<\/p>\n","protected":false},"author":1,"featured_media":0,"parent":0,"menu_order":0,"comment_status":"closed","ping_status":"closed","template":"","meta":{"_et_pb_use_builder":"on","_et_pb_old_content":"","_et_gb_content_width":"","footnotes":""},"class_list":["post-9023","page","type-page","status-publish","hentry"],"_links":{"self":[{"href":"https:\/\/www.oddo.cz\/index.php?rest_route=\/wp\/v2\/pages\/9023","targetHints":{"allow":["GET"]}}],"collection":[{"href":"https:\/\/www.oddo.cz\/index.php?rest_route=\/wp\/v2\/pages"}],"about":[{"href":"https:\/\/www.oddo.cz\/index.php?rest_route=\/wp\/v2\/types\/page"}],"author":[{"embeddable":true,"href":"https:\/\/www.oddo.cz\/index.php?rest_route=\/wp\/v2\/users\/1"}],"replies":[{"embeddable":true,"href":"https:\/\/www.oddo.cz\/index.php?rest_route=%2Fwp%2Fv2%2Fcomments&post=9023"}],"version-history":[{"count":7,"href":"https:\/\/www.oddo.cz\/index.php?rest_route=\/wp\/v2\/pages\/9023\/revisions"}],"predecessor-version":[{"id":9035,"href":"https:\/\/www.oddo.cz\/index.php?rest_route=\/wp\/v2\/pages\/9023\/revisions\/9035"}],"wp:attachment":[{"href":"https:\/\/www.oddo.cz\/index.php?rest_route=%2Fwp%2Fv2%2Fmedia&parent=9023"}],"curies":[{"name":"wp","href":"https:\/\/api.w.org\/{rel}","templated":true}]}}